 16 + 6 = j - 5*w. Let b(x) be the second derivative of -5/6*x**3 - 1/4*x**4 + 0 - 80*x - 2*x**2 - 1/20*x**5. What is b(j)?
11
Let z(b) = 8*b + 70. Let s be 4*(-12 + 2 - -8). Give z(s).
6
Suppose -4*t + 1624 = b, -7*t + 5*t = 4. Let x(h) = 1 - 1614*h + b*h + 0. Give x(1).
19
Let v be -1 + ((-18)/2)/((-3)/(-3)). Let y(m) = -4*m - 35. Give y(v).
5
Suppose 9 + 12 = 3*q. Suppose -4*j - 32 = -4*c - q*j, -2*c + j = -6. Let m(v) = -v + 3. Give m(c).
-2
Let h(q) = -q**2 + 0*q - 2*q + 2*q**2 - 15. Let u be h(5). Let n(r) = -r**2 - r - 8. Determine n(u).
-8
Suppose -3*n - m = -11, 10*m = 4*n + 5*m - 40. Suppose 0 = n*z - 9*z + 12. Suppose 0 = z*a + 16 - 1. Let u(g) = -g**3 - 6*g**2 - 6*g - 2. Calculate u(a).
3
Let t(n) = 2175 + 5*n - 1086 + n**2 - 1088. Calculate t(-5).
1
Let q be (6 - 4)/(4 + 324/(-80)). Let a be (q/(-12) - -1) + 2/3. Let n(h) be the second derivative of h**3/6 - 4*h**2 + h. Calculate n(a).
-3
Let u(n) = -1 - 3*n + n**2 - 11 + 3 + 8*n. Determine u(-6).
-3
Suppose g - 19 = 9. Let z(j) = -j - 13*j**2 - 17*j**2 + g*j**2. Determine z(-1).
-1
Let a(h) = -h**2 + h + 3. Let y = 29 + -26. Suppose 2 = y*j - 7. Determine a(j).
-3
Suppose -19*l - 50 - 7 = 0. Let q(s) = 7*s**2 + 3*s. Determine q(l).
54
Let o(i) = i**2 - 11. Suppose -20 = 4*p + 3*x + 2, -4*p - 8 = -4*x. Calculate o(p).
5
Let u = -4 + -4. Let t = u + 10. Let l(m) = m + m**2 + 5*m**2 - 7*m**t + 2. Calculate l(0).
2
Let a(w) = 8*w**3 + 2*w**2 + 17*w - 7. Let k(d) = -3*d**3 - d**2 - 9*d + 4. Let v(o) = 2*a(o) + 5*k(o). Determine v(3).
-9
Let y(f) = 2*f + 34. Suppose -u + 1118 = 1132. What is y(u)?
6
Suppose 0 = 9*f - 19 - 44. Suppose 0 = 17*b - f*b + 70. Let h(i) = -i - 8. Determine h(b).
-1
Let u(i) = 5 - 17*i - 10*i + 4 + 28*i + 1. Determine u(-8).
2
Let p(j) = 2*j + 1. Let w(s) = -9*s - 16. Let r(z) = 5*p(z) + w(z). What is r(0)?
-11
Let q(v) be the third derivative of -v**4/12 + 5*v**3/2 + 73*v**2. Determine q(7).
1
Let k(y) = -y**2 - 8*y + 10. Let h be (-351)/26*(-1)/(-6)*4. Calculate k(h).
1
Let i(q) = q**2 + 2*q. Let p = -1904 + 1902. Calculate i(p).
0
Let u be 4/7 + 15/35. Let w = 4 + -2. Let r(v) = -v**w - 5*v**3 + v**2. What is r(u)?
-5
Let r(k) = k - 4. Suppose 2*f + 3 = w - 7, f + 5 = -2*w. Suppose -5*o - 15 = -w*o. Determine r(o).
-7
Let m be -3*(20/6)/(-5). Let o(y) = 6*y**2 + 1 - 3 + 2*y - 4*y**m + 0. Determine o(-2).
2
Let j(w) = -w + 13. Suppose 0 = -21*h - 179 - 52. Give j(h).
24
Suppose -2*t + 7 = -5. Let o(c) = -2 - c**2 + 0*c**3 + 2*c**3 - t*c**3 + 3. Give o(-1).
4
Let z be 9 + -9 + 4 + 1. Let t(s) be the second derivative of 1/3*s**3 - z*s + s**2 + 0. Give t(-5).
-8
Let x(y) be the second derivative of -2*y + 1/20*y**5 + 1/6*y**3 + 0*y**4 + 13/2*y**2 + 0. Let z = -84 - -84. Determine x(z).
13
Let n(x) = -2*x**3 + 4*x**2 + x - 1. Let c(w) = -w**3 - w**2 + w + 5. Let k be c(0). Suppose -5*j - 4*y = -3*j + 6, 2*j + 9 = -k*y. Determine n(j).
-16
Let j(o) = o**3 + 8*o**2 + 2*o. Suppose -2*k + 2*l - 7*l + 85 = 0, -2*l = 3*k - 111. Suppose 4*b = -3*z - k, 0*b + 5*z = -b - 13. What is j(b)?
-16
Let q(g) be the first derivative of g**4/4 + 5*g**3/3 - 5*g**2/2 - 5*g + 2134. Let l = 10 - 16. Give q(l).
-11
Let s(r) = -r**2 - 7*r - 7. Let i(b) = -2*b**3 + 2*b**2 - b - 2. Let x be i(-2). Let l be 6 - (1 + -7 - -8). Suppose 0 = -8*v + l*v - x. Calculate s(v).
-1
Let z(r) = -r**3 - r**2 + 1. Let c(a) = -6*a**2 + 5*a + 5. Let u(j) = j**2 - j - 1. Let m(i) = -2*c(i) - 10*u(i). Let x be m(-1). What is z(x)?
-11
Let t(g) = 4*g + 1. Suppose 0 = o + o + 4*n - 20, 8 = -4*o + 4*n. Suppose 3*y - o*y = 3*i - 5, -5*i = y - 11. What is t(y)?
5
Let y(j) = j**2 - 2*j - 2. Suppose 6*o = 4*s + 4*o - 94, -2*o + 11 = s. Let m = 0 + s. Suppose 2*g + 5*g - m = 0. What is y(g)?
1
Let n(c) = -12*c**2 + 2 + 83*c + 5*c**3 - 73*c + 2*c**2. Let r(j) = 4*j**3 - 9*j**2 + 9*j + 1. Let i(q) = 3*n(q) - 4*r(q). What is i(5)?
-3
Let f(m) = 5069*m - 2*m**2 + m**2 - 2 - 3 - 5079*m. Give f(-7).
16
Let j(s) = s**3 + 4*s**2 + s - 8. Let a(o) = -64*o + 2*o**3 + 9*o**2 - 16 + o**3 - 1 + 65*o. Let x(k) = -2*a(k) + 5*j(k). What is x(4)?
-26
Let z(n) be the first derivative of n**3/3 + 4*n**2 + 6*n - 1. Suppose 9 = w + 5*m, w = -5*m + 9*m. Suppose 2*a + 4*i = w*a, -2*a - 24 = 4*i. Give z(a).
-6
Let m(g) be the second derivative of g**6/360 + g**5/24 - g**4/6 + 25*g**3/6 - 14*g. Let z(s) be the second derivative of m(s). Determine z(-6).
2
Let s be ((-2)/3)/(4/(-6)). Let a(r) = -3*r + 0 - 5*r + r - s. Let q be -2*((-5)/2 + 3). Give a(q).
6
Let i be ((-12)/(-10))/((-12)/(-40)). Suppose -1 = 3*o + 2*g - 5, 0 = 4*o - 2*g - 24. Let t(v) = v + o + v - 1. Determine t(i).
11
Let l(i) be the third derivative of i**6/120 + 13*i**5/60 + i**4/3 - 13*i**3/3 + 519*i**2. Give l(-12).
22
Let v = -3 - 0. Let n(w) = -8763*w + 2*w**2 + 8761*w - 3*w**2. Calculate n(v).
-3
Let q(f) be the first derivative of -f**4/4 + 3*f**3 + 11*f**2/2 - f - 4. What is q(10)?
9
Suppose 0 = -0*w + 5*w + 10. Let z(i) = i**3 + 2*i**2 - 2*i. Let o be z(w). Let b(d) = -3*d + 5. What is b(o)?
-7
Let j(p) = p**3 - 2*p**2 - 5*p + 2. Suppose 2*o - 12 = 4. Let z = 13 - o. Suppose v - z*v = k + 5, k + v - 1 = 0. Give j(k).
-4
Let c(p) be the first derivative of p**4/4 - 19*p**3/3 - 10*p**2 - 5*p - 123. Determine c(20).
-5
Let u(x) = x**3 + x + 1. Let j be u(-1). Let b(o) = -5*o**3 + 2*o**2 + o. What is b(j)?
6
Let b(t) = 2*t + 11 - 158*t**2 + 2*t + 157*t**2. Calculate b(5).
6
Let d = 2 + 16. Suppose -4*l + 8*l = 2*t - d, 18 = 2*t + 2*l. Let u be 29/(-9) + 2/t. Let n(p) = p**3 + p**2 - 3*p - 3. Give n(u).
-12
Let s(x) = x**2 + 19*x + 19. Let g(l) = 40*l - 138. Let k be g(3). What is s(k)?
1
Let a(f) = -2*f**2 + 8*f - 1. Let o(x) = -x**2. Let i = -34 - -33. Let v(u) = i*a(u) + o(u). Give v(6).
-11
Let c(w) = -5*w**2 + 8*w - 25. Let o(x) = 2*x**2 - 3*x + 9. Let q(d) = -4*c(d) - 11*o(d). Give q(-3).
-20
Let u(s) = -4*s**2 - 30*s + s**3 + 25*s + 1 - 2*s. Give u(5).
-9
Let b(y) = -y**2 + 2*y + 1. Let n be (-3 + -1)*11/(-22). Calculate b(n).
1
Suppose -4*k + 1 + 7 = 0. Let d(r) = -2*r - 21. Let s(q) = -10*q - 106. Let u(j) = k*s(j) - 11*d(j). Let h(o) = -o - 10. Let a(v) = -7*h(v) - 3*u(v). Give a(0).
13
Let k(w) = -w**2 - 4*w - 2. Suppose -4*j = 2*c - 34, -5*j + 2*c - 5*c = -44. Suppose j*h = 6*h + 12. Suppose -h = 21*a - 17*a. Determine k(a).
1
Suppose 38*d + 8 = -144. Let z(p) = p**3 + 6*p**2 + 3*p + 2. Determine z(d).
22
Suppose 4*i - 20 = -2*p + 2*i, 5*p - 5*i = 0. Let a(c) = 3*c**2 + 6*c + 5. Let o(x) = -7*x**2 - 13*x - 11. Let w(u) = p*a(u) + 2*o(u). What is w(-3)?
0
Let n be (-1)/1 - (-21)/7. Let b = 2 + n. Let s(t) = 7*t - 7*t**2 - 4 + 3*t**2 + 3*t**2. Determine s(b).
8
Let i(u) = -u**2 + 9*u - 9. Suppose 1591 - 1636 = -5*g. Determine i(g).
-9
Let c(r) = -6*r**3 - 3*r**2 - 7*r - 4. Let o(j) = j**3 + j + 1. Let b(l) = c(l) + 5*o(l). Let a = -14 + 12. What is b(a)?
1
Let x(s) be the second derivative of -s**5/120 - 7*s**4/24 + 13*s**3/6 - 3*s**2/2 - 36*s. Let t(l) be the second derivative of x(l). Calculate t(-4).
-3
Let q(a) = 5*a**2 - 7*a + 10. Let y(n) = 6*n**2 - 5*n + 10. Let h(s) = -7*q(s) + 6*y(s). Calculate h(-19).
-10
Suppose 177*s - 173*s = 12. Let f(x) be the third derivative of 0*x + 0 - 1/120*x**6 + 0*x**4 - 1/2*x**s + 6*x**2 - 1/30*x**5. Calculate f(-3).
6
Let r(v) = v**3 + 7*v**2 + 5*v - 8. Let i(c) = -c**3 + 14*c**2 + c - 20. Let k(q) = q**2 + 6*q - 13. Let a be k(-9). Let m be i(a). Determine r(m).
-2
Let u(x) = x + 1. Let g be u(-8). Let s = g + 6. Let p(f) = -7*f**2 + f + 5. Let r(j) = 1. Let o(b) = -p(b) + 5*r(b). What is o(s)?
8
Let s(n) = 3*n**3 - 5*n**2 - 3*n - 7. Let m(x) = -x**3 + 1. Let b(v) = 4*m(v) + s(v). What is b(-4)?
-7
Let z(d) = -25*d + 19. Let p be z(1). Let u(m) = -m. Determine u(p).
6
Let c(i) = -i**2 + 82. Let u be c(9). Let s(r) = -15*r**3 + 2*r**2 - r. Calculate s(u).
-14
Let m(a) = a - 2. Let f(l) be the second derivative of -l**5/20 + l**4/6 + 5*l**3/6 - l**2 - 15*l. Let u be f(3). What is m(u)?
2
Let p(m) be the third derivative of -m**6/120 - m**5/15 - m**4/6 + m**3/6 - 158*m**2. Calculate p(-3).
4
Let h(r) be the third derivative of r**6/120 - r**5/15 + r**4/12 + 2*r**3/3 + 26*r**2. Let s(i) = 2*i + 11. Let u be s(-4). Determine h(u).
1
Let r(o) = -2*o**2 - 5. Let p(s) = s**2 + 6. Let m = 73 - 77. Let z(a) = m*p(a) - 5*